+ 5*j. Suppose -i*w - 119 = -f*w. Is w prime?
False
Suppose 4*u + 1 = -3, -744 = -3*q + 3*u. Is q a prime number?
False
Let j = -266 - -407. Suppose 4*m = 3*o + 3*m - 141, -3*o + 2*m + j = 0. Is o a prime number?
True
Suppose 2*z - 10 = 0, -2*h + 98 = z + 15. Is h a composite number?
True
Suppose 6*a - 7*a + 1481 = 0. Is a prime?
True
Suppose -3*o + 40 = 2*o. Is 48/(o/2) - -3 prime?
False
Is 21/35 + 7374/10 + -1 a prime number?
False
Let p(w) = -5*w**2 + 3*w**2 + 3*w + 6*w**2 + 1 - w**3. Is p(3) a composite number?
False
Let c = -288 - -482. Is c prime?
False
Let u(y) = y**2 - 3*y - 1. Let f(z) = 2*z**2 - 5*z - 1. Let x(j) = -3*f(j) + 7*u(j). Let p be x(7). Suppose -4*i = -2*m + 586, 0*m = -m + p*i + 293. Is m prime?
True
Let u be 0/2 - (-1 - 1). Is (70 + 4)*11/u a prime number?
False
Suppose -804 = 3*n + 2*c, -5*c = -c. Let l = -159 - n. Is l prime?
True
Let p(a) = 2*a. Let n be p(2). Suppose -r = -n*r + 54. Is r/((-2)/(-3)*3) a prime number?
False
Let v be (-4)/2*(3 + -5). Suppose b - 7 - 4 = -3*u, 0 = u - v*b + 5. Suppose -u*p + 2*p = -59. Is p a composite number?
False
Let x(c) = c**3 + c**2 - c + 1. Let k be x(-2). Let v = 3 - 1. Is (v + k*3)*-79 a prime number?
True
Let l(f) = -2*f**3 + 7*f**2 + 2*f + 9. Let c(m) = m - 7. Let t be c(3). Let g(p) = -3*p**3 + 7*p**2 + p + 9. Let q(v) = t*l(v) + 3*g(v). Is q(-7) prime?
False
Let t(q) = 9*q + 1. Let h be t(1). Suppose -6 = 3*o + 6, -l + 3*o + h = 0. Is l/4*380/(-2) prime?
False
Let j(x) = -x**2 - x. Let v be 2 + 2 + 2 + -5. Let s be j(v). Is 13/s*10/(-1) a composite number?
True
Suppose 4*h - 3429 = 5*n, -3*h - 5*n + 2309 = -219. Is h a prime number?
False
Let i(x) = x**3 - 14*x**2 + x - 9. Let d be i(14). Suppose 4*j + t = 12, 0*j + t + 6 = 5*j. Suppose 67 - d = j*n. Is n composite?
False
Let v(j) = 3*j + 2. Let h(r) = -r - 1. Let p(q) = -5*h(q) - 3*v(q). Is p(-9) a composite number?
True
Let q = 402 - 223. Is q a composite number?
False
Let s be (-3)/(-12) + 39/(-12). Is s + 182 + 0/(-1) composite?
False
Let a(z) = 2*z. Let n be a(-2). Let j(c) = 9*c**2 + 3*c - 5. Let x(s) = -17*s**2 - 5*s + 10. Let t(b) = -11*j(b) - 6*x(b). Is t(n) prime?
False
Let h(v) = v**3 + 4*v**2 + 5*v - 7. Is h(9) a composite number?
False
Suppose y - 1 + 0 = 0. Suppose -y = -v + 1. Suppose -v*l = -l - 13. Is l a prime number?
True
Suppose -502 - 324 = -7*k. Is k prime?
False
Suppose x - 2*y - 21 = 0, -36 = -2*x - 5*y + 24. Is x composite?
True
Let d = -1 - -4. Suppose -q + 152 = d*q. Is q a prime number?
False
Let r be 2/8*(6 + -2). Let z be ((-2)/(-4))/(r/4). Suppose -z = -f + 2. Is f composite?
True
Suppose -1777 - 694 = -7*g. Is g prime?
True
Suppose 367 + 1197 = 4*q. Is q composite?
True
Suppose 0 = n - 2*n + 4. Suppose -n*c = -q - 215, -6*c + c - q + 280 = 0. Is c a composite number?
True
Let r = -26 - -14. Is -145*2*r/40 a prime number?
False
Suppose -5*h + 2672 = -4*h. Suppose 5*v + 307 = h. Is v prime?
False
Let d(x) be the third derivative of x**6/120 - 2*x**5/15 - x**4/24 - 5*x**3/6 - 2*x**2. Is d(10) a composite number?
True
Let g = -601 + 983. Is g composite?
True
Suppose g + 8 + 0 = b, 3 = b - 2*g. Is b prime?
True
Suppose 2 = 4*p - 14, -p = -4*r + 20. Let j = 10 - r. Suppose -116 = -5*z - 2*x, -j*x - 76 = -4*z - 0*z. Is z composite?
True
Let r(n) = -1059*n - 4. Is r(-1) a composite number?
True
Let k(q) = q**2 - q + 37. Is k(0) prime?
True
Is ((-136)/12)/(12/(-234)) prime?
False
Let s(q) = -6*q + 191. Is s(0) prime?
True
Let o = 53 + -109. Let r = o - -151. Is r prime?
False
Let o(d) = -3*d**3 - 3*d**2 - 2*d + 1. Is o(-5) composite?
False
Is (1/(-2))/(2/(-1492)) a prime number?
True
Is 4*(-1)/((-12)/7359) a composite number?
True
Let d(h) be the second derivative of h**6/360 - h**5/120 + 11*h**4/12 + h**3/6 + 2*h. Let f(u) be the second derivative of d(u). Is f(0) a prime number?
False
Suppose 5*s + 324 = -2*w - 88, -w + s = 213. Is w*(3 + (0 - 4)) composite?
False
Let c(x) = 2*x**3 - 4*x**2 - x + 4. Is c(5) a composite number?
False
Suppose -5*z - 4*m + 175 = 0, 2*z - 104 = 4*m - 34. Is z composite?
True
Let m = 59 + -22. Is m composite?
False
Suppose -3286 = -8*c + 28626. Is c a composite number?
False
Suppose -3*n + 18 = 3*y, n + 7 = -5*y - 3. Is n a prime number?
False
Let a be (6 - -2)/(6/(-9)). Is (-1941)/a + (-3)/4 a composite number?
True
Suppose 2*y = 6*y - 16. Suppose 0 = -q + 5*g - 21, 16 = y*q - g + 5. Suppose -q*n - n + 58 = 3*o, o = -5*n + 36. Is o composite?
False
Let t(o) = -o**3 + 5*o**2 - 2*o + 5. Let x be t(5). Is (-7 - x)/(2/(-59)) a prime number?
True
Suppose 0 = w - 4*o - 193, 2*w + 5*o - 184 = w. Let u = -87 + w. Suppose -u = -3*b - 3*a, -2*a = -3*b - b + 154. Is b a prime number?
True
Let s(m) = -m**3 + 6*m**2 + 7*m + 2. Let f be s(7). Let d(j) = -2*j + 5 + 0 - 3 + 7*j**2. Is d(f) a prime number?
False
Suppose 2*o = -0*o + 2*s + 534, 3*s - 1335 = -5*o. Let b be (0 - -1 - 5)/(-2). Suppose b*x + 0*x - 178 = p, 3*x - 3*p = o. Is x a composite number?
False
Is -1 + 5582/8 - 10/(-40) prime?
False
Let c = 5 + -2. Suppose c*y + i = 316, 4*y + 3*i - i = 420. Is y prime?
False
Suppose -4*m + 75 = -9. Is m composite?
True
Let t(v) = -2*v - 10. Let p be t(-7). Suppose 2*x + 0*l = -2*l + 4, -4*x - 5*l = -p. Is x composite?
True
Let z(h) = -12*h + 3. Let q be z(3). Is 1/(0 + (-1)/q) a composite number?
True
Suppose 0 = -4*l + 6*l - 18. Let a be (48/l + -1)*15. Let h = a + 28. Is h composite?
True
Suppose 0*g + 230 = -2*m - 4*g, -2*g + 500 = -4*m. Let o be 12/9*m/(-2). Let c = o - 47. Is c prime?
False
Let p(a) = 8*a**2 + 8*a + 3. Let s be p(-7). Suppose 59 = h + 4*j, -s = -4*h - h + 2*j. Is h prime?
True
Suppose -4*l - 8 + 0 = 0. Is l/7 + (-90)/(-21) a prime number?
False
Let g(v) = -2 - 20*v - 14*v - 5. Is g(-5) prime?
True
Suppose -4*j - 4 = -4*s, 4*j - 1 = 3*s - 0. Suppose 5*k + j*n - 31 = 0, -3*k - 4*n + 0*n + 25 = 0. Suppose k*p + p = 356. Is p a prime number?
True
Let n = -481 + 828. Is n a prime number?
True
Let w be 2/9 - (-6)/(-27). Suppose 4*p + w = 8. Suppose -p*v + 52 = 2*v. Is v a prime number?
True
Let n = 0 - -101. Suppose 0 = -y - 2*b + n, -2*y - b = -2*b - 187. Is y composite?
True
Suppose -66 + 1059 = 3*p. Is p composite?
False
Let r = 215 + -138. Is r prime?
False
Let s be (-20)/(-2) - 6/3. Suppose -3*p - s = p. Is (p/(-3))/((-6)/(-99)) composite?
False
Suppose -5*u + 48 = -3*u + 4*z, 3*z = -5*u + 120. Let b = 59 - u. Is b prime?
False
Suppose 4*o = -3*a + 2261, 0 = o - 2*a - 399 - 158. Is (-1)/(-4) - o/(-4) composite?
True
Suppose -3*c + 20 = 2*l, -5*c + 8 = l - 4*l. Let q(w) = -w + l*w**2 - w + w + 0*w**2 + 1. Is q(2) a prime number?
False
Suppose 0 = 2*w - 5 + 1. Let q be w + (-12)/3 + 10. Suppose 29 = 3*k + q. Is k prime?
True
Let m(u) = u**3 - 5*u**2 - u. Suppose -2*c = 2 - 12. Let l be m(c). Let o(s) = -2*s - 1. Is o(l) prime?
False
Is (-1033)/(-15) + (-12)/(-90) a composite number?
True
Let y be 27 + ((-18)/(-3))/3. Suppose -c + p + y = 0, 0*c - p + 175 = 5*c. Let o = c - -1. Is o composite?
True
Let y(i) = i**2 + 139. Is y(0) prime?
True
Let q(u) = -2*u**2 + 2*u - 37. Let r(k) = -3*k**2 + 3*k - 37. Let j = -4 + 7. Let z(c) = j*r(c) - 4*q(c). Is z(0) prime?
True
Let v(k) = -18*k - 5. Let p(f) = 17*f + 6. Let n(c) = -6*p(c) - 5*v(c). Is n(-8) a composite number?
True
Let m(t) = t**3 - 7*t**2 + 7*t + 7. Is m(8) prime?
True
Let s be 11/1*2/2. Is (s - (1 - 3))*37 composite?
True
Let f(g) = -g + 1801. Is f(0) prime?
True
Suppose -2883 = -2*c + 4*t - 3*t, 1439 = c + 2*t. Is c a prime number?
False
Suppose v + 13 = 3*v - 5*l, 3*v - 9 = -3*l. Suppose 40 = 2*d + 3*n, v*d - 58 + 10 = 2*n. Is d a prime number?
False
Let c be -3*(1 + 1 + -3). Suppose 5*r = c*g - 18, r - 2 = -g + 4*r. Is g a prime number?
True
Let q be ((-6)/9*6)/(-2). Suppose -5*s - 7 = -q. Is (s + -36)/(-1 - 0) a prime number?
True
Let w be 4/16 - 1/4. Suppose -4*y - y + 265 = w. Is y composite?
False
Let s(r) = -426*r**3 + 2*r + r + r**2 - 3*r - 1 - r. Is s(-1) a composite number?
True
Suppose j = 4*j - 237. Is j prime?
True
Suppose 5*v = 25, 5*l + 5*v = -7 + 47. Let w = -1 + l. Let h(k) = k**2 - 1. Is h(w) composite?
False
Suppose -5*m - 12 = -3*m. Is (45/(-6) - -2)*m a prime number?
False
Suppose -q - 5 = -3*s - 3*q, -s + q + 5 = 0. Suppose s*k = -0*k. Let o(j) = -j**2 + j + 7. Is o(k) a prime number